2 - 2*k + a + 3*k + k**3 + 0*k**3. Give p(-3).
1
Let n be (3 - 1)/(-2) - -4. Let f(z) = 8*z + 6 - 6*z - n*z. Calculate f(3).
3
Let f(o) = -3 + 193*o**3 - 13 - 14*o**2 + 189*o**3 - 383*o**3 + 13*o. Give f(-15).
14
Suppose -3*i + 14 = -7*i + 2*j, 5*j = -5. Let y be 5*3*(2 + (-5)/3). Let a(p) = -1 + 3*p + 9*p**2 - 3*p**2 - y*p**2. Determine a(i).
3
Let o(c) be the first derivative of 2*c**3/3 - 3*c**2/2 + 2*c - 83. Determine o(3).
11
Let u(d) = d**2 - 19*d + 34. Let w be u(17). Let x(s) = 2*s + w*s - s + 3*s - 6. Give x(-6).
-30
Let u(d) be the third derivative of d**4/24 + d**3/3 - 51*d**2. Let q be -2*2*(-2)/4. Let g = -7 + q. Calculate u(g).
-3
Let i(q) be the second derivative of q**5/20 + q**4/4 - q**3/6 + 9*q**2/2 + 31*q. Let l be i(-4). Let r(d) = 3*d + 2. Determine r(l).
-7
Let q be (-8 - -8)*(0 - 2)/(-6). Let b(h) be the third derivative of 0*h**4 + 0*h**5 + 0*h - 3*h**2 + q + 1/24*h**6 + 0*h**3. Give b(-1).
-5
Let z = 13/4 + -63/20. Let i(w) be the third derivative of 8*w**2 + 1/24*w**4 + z*w**5 + 0 + 1/6*w**3 + 0*w. Give i(-1).
6
Let x(a) = -39 + 20 + 35*a - 36*a - a**2 + 16. Calculate x(-4).
-15
Suppose -12*x + 47 + 13 = 0. Suppose f + 1 + x = 0. Let k(g) = 11*g**2 + 19*g + 35. Let s(o) = 7*o**2 + 13*o + 23. Let a(y) = -5*k(y) + 8*s(y). Give a(f).
-9
Let w(u) be the second derivative of u**4/12 - 3*u**3/2 + 9*u**2/2 + 83*u. Give w(6).
-9
Let d(z) = z**3 - z**2 - 3*z + 3. Let l = -42 - -44. Calculate d(l).
1
Let r = -1163 + 1166. Let x(d) be the third derivative of 0 + 5/3*d**r + 0*d - 7*d**2 + 1/24*d**4. Give x(0).
10
Let c(i) = 32 - 30 - 2*i**2 + i**2. Let b be 148/12 - 2/6. Suppose 7*w - 11*w + b = 0. What is c(w)?
-7
Let m(s) = 7*s - 98. Let v be m(13). Let k(h) be the second derivative of 1/20*h**5 - 2*h**2 + 1/2*h**4 - 2*h + 0 - 7/6*h**3. What is k(v)?
-4
Let x(w) = -w**2 - 8*w + 16. Let l be x(-10). Let p(i) = -7*i + 2. Calculate p(l).
30
Suppose -6 = -22*v + 23*v. Let a = v - -9. Suppose 16 = -4*w + 2*g, a*w - 1 = -g - 8. Let k(r) = r**3 + r**2 - r + 4. Give k(w).
-11
Let f(m) be the second derivative of 0 - 1/2*m**3 + 4*m**2 - 4*m. Give f(6).
-10
Let c(u) = -u**3 + 5*u**2 + 3*u - 4. Let f = -10 - -10. Let g(x) = -3*x + 5. Let n be g(f). Determine c(n).
11
Let h be -5 + 729/15 + 4/10. Let c = 37 - h. Let t(x) = -x - 7. What is t(c)?
0
Suppose -2*g + u = -10, 15 = -4*u - 1. Let w(x) = -x**2 + 2*x - 4. Calculate w(g).
-7
Suppose 6*w - 5071 = -5035. Let s(f) = f**3 - 6*f**2 - f - 6. Calculate s(w).
-12
Let u(b) = 5*b**3 + b**2 + 3*b + 2. Let d be (-4 - (-1178)/285) + 17/(-15). Determine u(d).
-5
Let z = -16 + 19. Let w be (-5)/(5/z) - 0. Let d(a) = a - 5. Let c(i) = 2*i - 9. Let s(r) = -3*c(r) + 5*d(r). What is s(w)?
5
Let k(s) = -s**2 + 5*s + 12. Suppose 5*m + 20 = 0, -7*b - 5*m = -3*b - 8. Determine k(b).
-2
Let w(v) be the second derivative of v**3/6 + 9*v**2/2 + 2*v - 66. Give w(-8).
1
Let a(j) = j + 8. Let p(t) = 3*t**2 + 12*t - 3. Let m be p(-7). Suppose 11*c - c + m = 0. Calculate a(c).
2
Let t(x) = x**3 + 5*x**2 + 2*x - 5. Let n be t(-4). Let u = 6 + n. Let o(j) = -10*j**2 + 2*j**2 + j**3 - 58 - 5*j + 39 + 24 - 4*j. Give o(u).
5
Let b(v) = -11*v**2 - v - 7. Let d(u) = u + 8. Let x(l) = l**2 - 1. Let h(w) = d(w) + 5*x(w). Let r(c) = 2*b(c) + 5*h(c). Give r(-2).
7
Let t(i) = -12371*i - 9 + 24736*i - 12366*i. Determine t(14).
-23
Let r(h) be the third derivative of -h**4/12 + 3*h**3/2 - 24*h**2. Give r(4).
1
Let m(t) be the third derivative of -t**6/120 - t**5/12 - t**4/12 - 7*t**3/6 - 30*t**2 + 3*t. Calculate m(-5).
3
Let v(d) = d**3 - 6*d**2 - 9*d + 17. Let q be v(9). Let f(w) = 181 - 3*w**2 + w**3 - 7*w - q - w**2. Calculate f(5).
-8
Let m = -5 + 7. Let c(u) be the second derivative of 1/2*u**3 - 1/2*u**2 + 3*u + 0. Give c(m).
5
Suppose -d - 17 = 2*d - 2*o, -4*d = -o + 16. Let a(i) be the second derivative of -i**5/10 - i**4/6 + 2*i**3/3 + i**2/2 + 17*i. Calculate a(d).
25
Let r be 3*(0 - 5 - (-22)/3). Let u(p) = p**2 - 5*p - 10. Calculate u(r).
4
Let t = 10 + -9. Let u be (0 - 1)/((-3)/6). Let i(r) = -r - u*r**2 + r**2 - 4*r**2. Determine i(t).
-6
Suppose 0 = -f - 4*u + 66, 0 = f - 4*u + 2*u - 42. Let s = -56 + f. Let i(l) = -l**3 - 5*l**2 + 6*l - 6. What is i(s)?
-6
Let c(v) = v**3 - 7*v**2 + 5*v + 3. Suppose 5*d = -3*d + 408. Let j = d - 45. What is c(j)?
-3
Let d(b) = -b**3 - 14*b**2 - 8. Let m be (29 - (-3 - 3))*(-8)/20. Give d(m).
-8
Let n(g) = 8*g - 5. Let r(d) = 9*d - 6. Let w(m) = -6*n(m) + 5*r(m). Let u(v) = 5*v. Let c(a) = 2*u(a) + 5*w(a). Let t = 99 + -100. Determine c(t).
5
Let u(l) = -12*l**3 + 2*l**2 - l + 1. Let g be 8 + -10 + 8 + -5. What is u(g)?
-10
Let z(u) = 35*u**2 + u + 23. Let x(d) = 19*d**2 + d + 12. Let v(w) = -11*x(w) + 6*z(w). Determine v(4).
2
Let h(l) be the third derivative of -l**5/60 - 7*l**4/24 - l**3/2 - 14*l**2. Let b be h(-7). Let o(z) = 3*z**2 + 2*z - 4. What is o(b)?
17
Let x(z) = 11*z**3 - 6*z**2 + 6*z + 3. Let u(f) = -15*f**2 + 8 - 2*f**2 + 16*f + 58*f**3 - 26*f**3 + f. Let p(c) = 4*u(c) - 11*x(c). Determine p(1).
6
Let f(v) be the third derivative of v**6/120 - v**5/10 + v**3/3 - 7*v**2. Determine f(4).
-30
Let n(b) = -37*b + 6. Let d(m) = -13*m + 2. Let u(k) = 17*d(k) - 6*n(k). Let i be 0 + -1 - 21/(-7). Suppose -i*j + 18 = 2*z, -2*z = -4*z - 4*j + 22. Give u(z).
5
Let w(d) = -11*d**2 - 4*d + 2. Let m(n) = 9*n**2 + 2*n - 1. Let f(o) = -6*m(o) - 5*w(o). Suppose 2*p + 3*j = -7, p + j = 2*j - 11. What is f(p)?
-4
Let w(i) = 2*i**2 + 47*i - 25. Let m(k) = -k**2 - 21*k + 12. Let g(l) = 14*m(l) + 6*w(l). Calculate g(-7).
4
Let n(m) = -m - 1. Let u(f) = -595*f - 670. Let z(o) = -54*o - 61. Let v(r) = -6*u(r) + 65*z(r). Let k(c) = 110*n(c) + 2*v(c). Let i = -1 + 2. Give k(i).
10
Suppose -2*i + 28 = 2*v, -4*v + 7 + 13 = 0. Let l(z) = -6*z + 6 - z + i*z + 3*z. Calculate l(-5).
-19
Let m(b) = 7*b + 15. Let p(t) = -8*t - 16. Suppose -5*x + 6 = -6*x. Let q be (-4 - (-12)/2) + -7. Let s(r) = q*p(r) + x*m(r). Give s(-9).
8
Suppose -2 - 7 = -3*b. Let d be (-1 + 0)/((-3)/b). Let j(y) = d + 0 - 2 + 5*y - y**2. Determine j(5).
-1
Let v(s) = -s**3 + 4*s**2 - 3*s + 2. Suppose q - 6 = 4*q, 2*o = -4*q - 2. Suppose -2 - 10 = 4*n, 3*p + o*n + 36 = 0. Let a be p*(-8)/12 - 2. What is v(a)?
-10
Suppose -12*l - 37 + 169 = 0. Let n(o) = o - 20. Calculate n(l).
-9
Suppose -4*m - 65 = -5*v, -5*m + 65 = 5*v - m. Suppose 4*n = 39 + v. Suppose p = -3*w - n, 3*p + 2*w - 6*w - 13 = 0. Let t(b) = 3*b**2 - 1. Calculate t(p).
2
Let s(o) = 23*o + 247 - 250 - 24*o. Determine s(6).
-9
Let f(o) = 5*o - 19. Let a(s) = 7*s - 26. Let c(d) = 8*a(d) - 11*f(d). Calculate c(-3).
-2
Let a(o) = 1 - 5 + 1 + 2 - 4*o. Let r = 31 - 33. Calculate a(r).
7
Let g(x) = -x**2 - 5*x + 6. Let d be g(-6). Suppose 3*f - 3 = -d. Let n(i) = i**3 - 5*i**3 + 3*i**3. What is n(f)?
-1
Let w(q) be the third derivative of q**8/20160 - q**7/2520 + q**6/720 - q**5/4 - 27*q**2. Let z(h) be the third derivative of w(h). Give z(3).
4
Let d(n) = 14*n**2 - 6*n - n**2 - 16*n**2. What is d(-2)?
0
Let v(c) = c**2 - 8*c + 6. Suppose 21 = i + 16. Give v(i).
-9
Let p(t) = 6*t - t**3 - 9*t + 8*t**2 - 11*t**2. Suppose 4*k + 2*q - 26 = 0, 0 = -4*k - 0*q + 5*q + 61. Let c = k + -11. Give p(c).
2
Let g(c) = -2*c**3 - 4*c**2 - 1. Let i(k) = 5*k**3 + 13*k**2 - k + 3. Let p(y) = 8*g(y) + 3*i(y). Give p(7).
-20
Suppose -c + 12 = -3*c. Let l(r) = r**2 + 7*r + 7. Calculate l(c).
1
Let l(h) = -3*h - 31. Suppose 20 + 68 = -8*j. Determine l(j).
2
Let k(j) = -7*j**2 + 3*j + 4. Let t(o) = 4*o**2 - 2*o - 2. Suppose 0 = 5*x - 13 + 3. Let m be x - (-4 + 2 - -9). Let z(p) = m*t(p) - 3*k(p). Determine z(-3).
4
Let x(d) be the second derivative of -d**5/20 + 2*d**4/3 - d**3 - d**2/2 - d + 4. Determine x(7).
6
Let t(h) = 29*h**2 - 9*h + 8. Let o(f) = 25*f**2 - 8*f + 7. Let l(q) = 7*o(q) - 6*t(q). Suppose 5*v = 3 + 7. Calculate l(v).
1
Let c(f) = -2*f**2 + 11*f - 7. Let d(i) = -i**2 + 4*i - 2. Let h(o) = 4*c(o) - 11*d(o). Calculate h(3).
21
Let x be (4 - 3)*(1 - 0). Let d(a) be the first derivative of -a**4/3 + a**3/6 + 13*a**2 + 33. Let q(g) be the second derivative of d(g). What is q(x)?
-7
Let a(y) = y - 8. Let x be a(8). Suppose x = -4*u + 5*u - 2. Let f(z) = 10*z - 1. Give f(u).
19
Let b(h) = h + 3. Let w(g) = -2. Let x(t) = b(t) - 3*w(t). Give x(-15).
-6
Let l(b) = b - 1. Let k =